12*j**2 - 255*j - 3. What is the units digit of c(-6)?
5
Let o(k) = -6*k - 11. Let p be 175/(-63) - 2/9. Let n be o(p). Suppose -3*b - 92 = -n*b - s, -5*s = 0. What is the tens digit of b?
2
Let v(b) = -2*b**3 - b**2 + 3. Let y be v(-2). Suppose 0*z = 5*z + y. What is the units digit of (-9)/z + -2 + 1?
2
Suppose 5*f - 2670 = -f. Suppose -7*i + f = -6*i + g, g + 2 = 0. What is the units digit of i?
7
Let u be ((-22)/4)/(8/64). What is the units digit of 293 + 2/(-4) + (-22)/u?
3
Suppose 45*o - 44*o - 7130 = 0. What is the hundreds digit of o?
1
Let y(w) = 77*w**2 + w + 4. Suppose 0 = -2*q - 14 + 20. What is the tens digit of y(q)?
0
Let b be (2 + -1)/(-3 + (-66)/(-21)). Suppose 5*r + 15 = 0, -b*r = 5*v - 3*r - 203. What is the tens digit of v?
4
Let x be 1*(3 + -1 + 0/(-2)). Let c be 2/((-3)/x + 4/2). Suppose -9*a + 5*a = 0, 3*a = -c*b + 660. What is the units digit of b?
5
Suppose 0*v + 451 = 11*v. Suppose 5*h - 175 = -5*u, v = 3*u - 2*u - 5*h. What is the tens digit of u?
3
Suppose -20399 = -5*j - 3*z, -3108 = -j - 4*z + 965. What is the tens digit of j?
8
What is the hundreds digit of 282/188 + (-43806)/(-4)?
9
Let a = 101958 - 54234. What is the hundreds digit of a?
7
Suppose 24939 = 15*j - 96246. What is the units digit of j?
9
Let k(z) = 30*z + 15. Let i(g) = -g. Let o(p) = -25*i(p) - k(p). Let m be o(-6). Let c(n) = 8*n + 3. What is the hundreds digit of c(m)?
1
Suppose 1259 = -4*x + 5*b, -2*x - 1558 = 3*x - b. Let o be (-5 + x)*(-3 + 1) + -4. Suppose 4*d = 4*m + m + o, 3*d - 5*m - 471 = 0. What is the tens digit of d?
5
Let n(j) = -63*j + 26*j + 0 + 29*j - 1. Let c be n(-1). Suppose 0 = 3*a - 59 - c. What is the units digit of a?
2
Let v = 42326 - 30203. What is the thousands digit of v?
2
Let o(m) = -m**3 + 12*m**2 - 30*m + 28. Let n be o(9). What is the units digit of 57071/91 - n/(-13)*-2?
7
Let h(g) = 3*g**2 - 22 + 9*g**3 - 8*g**3 + 8*g**2. What is the tens digit of h(-10)?
7
Let z = 230 - -416. Let i = 485 + -940. Let w = z + i. What is the hundreds digit of w?
1
Let n be (-34)/(-2) - (-5 + 7). Suppose 140 = 13*v - n*v. Let q = v - -101. What is the tens digit of q?
3
Let b(l) = -2. Let v(z) = -100*z - 40. Let k(a) = 4*b(a) - v(a). What is the hundreds digit of k(3)?
3
Suppose -21*q = -23*q. Suppose -2*d + 0*d = 3*z + 8, 2*z + 4*d + 16 = q. What is the units digit of 1 - z - (-236 - (7 + 1))?
5
Suppose z - 3261 + 1137 = -3*m, -4*z = -5*m - 8513. What is the units digit of z?
7
What is the units digit of ((-11)/(308/(-63)))/(1/9784)?
4
Let c = 21234 + -10875. What is the units digit of c?
9
Let a = -20803 + 20356. Let s(j) = 172*j**2 + 3*j + 1. Let n be s(-2). Let z = a + n. What is the hundreds digit of z?
2
Let n(d) = 7*d + 11. Let b be n(-1). Suppose -23*h + 21*h - y = -811, b*y = 3*h - 1222. What is the hundreds digit of h?
4
What is the tens digit of 2/(-9) + (-685792)/(-288)?
8
Suppose -8*v = -d + 68417, -20*d + 17*d - 2*v + 205095 = 0. What is the thousands digit of d?
8
Let l(h) = -3*h + 35. Let b be l(11). Suppose -38 = 4*v - b. What is the tens digit of 161/v*-3 - (-4)/(-6)?
5
Let w be (-9)/(-27) + 37976/(-24). Let q = -607 - w. What is the hundreds digit of q?
9
Suppose 7*r - 5*l + 23 = 9*r, 5*r - 29 = -3*l. Suppose -3*x = 6, 2*u + 141 = r*x + 2015. What is the hundreds digit of u?
9
Suppose -u = -t + 9, -3*u = 2*u + 4*t + 27. Let l(c) = -10*c + c + 3*c**2 + 11 + 13*c. What is the hundreds digit of l(u)?
1
Suppose -13*u = -11*u + 92. Let v = u - -62. Suppose -v*p + 18*p = 272. What is the tens digit of p?
3
Let d be (-378)/(-9)*(-3 - 20/(-6)). Let w be 5*4*(-17)/(-10). Suppose -d = i - w. What is the tens digit of i?
2
Let u(r) = -r**2 - 12*r - 15. Let d be u(-10). Suppose o = -0*o + d. Suppose -o*i = 6*i - 1507. What is the tens digit of i?
3
Suppose 409878 + 579315 = 79*v + 257732. What is the tens digit of v?
5
Let s(x) = -47*x + 33*x + 18 + 45*x + 65*x. What is the units digit of s(2)?
0
Let m = 5184 + -702. What is the tens digit of m?
8
Let q be 4 + (-12)/4 - -3. Suppose 3*k + 11*h - 13*h = 718, 8 = -q*h. What is the hundreds digit of k?
2
Suppose 388*w - 374*w = 65534. What is the hundreds digit of w?
6
Let p(h) = 16*h - 159. Let c be p(11). Suppose 3496 = c*l - 9*l. What is the units digit of l?
7
Let r = -4135 - -15077. What is the thousands digit of r?
0
Let k = 2382 + -1670. Let l = 1334 - k. What is the hundreds digit of l?
6
Let d(c) = -c**3 + c**2 - c - 1. Let u(p) = -p**3 + 2*p**2 - 3*p. Let k(o) = 2*d(o) - u(o). Let h be k(0). What is the tens digit of h - (-43 + -3) - (1 + 2)?
4
Let m = 8722 + -6263. What is the thousands digit of m?
2
Suppose 5*p = 9*p - 20. Let q be (-22)/(-8) - p/(-20). Suppose 0 = -4*k + 3*n + 109, n - 81 = -q*k + 4*n. What is the units digit of k?
8
Let f = -1738 + 2804. Suppose 5*q + f = 2*a + 51, 3*a - 4*q - 1526 = 0. What is the units digit of a?
0
Let m(t) = 1101*t**2 + 7*t - 18. What is the units digit of m(3)?
2
Suppose 0 = -4*d - 2*g + 562, -g - 705 = -5*d - 6*g. Suppose -z - d = -5*s, 466 = -3*z + 2*s + 7. Let a = z - -335. What is the units digit of a?
0
Suppose 5*i - 4*p - 192773 = 0, 0 = -5*i + 2*p + 46119 + 146650. What is the hundreds digit of i?
5
Let d be (-3 + 25/10)*-830. Let q = 666 - d. What is the hundreds digit of q?
2
Let j be (3576/(-4))/(5/((-10)/4)). Let m = j + -155. What is the units digit of m?
2
Let y(r) = r**2 + 83*r - 154*r - 78 + 77*r. What is the tens digit of y(-31)?
9
Suppose 4*u + 7417 = 2*k - 987, u = 3. What is the hundreds digit of k?
2
Suppose 11*h = 70647 + 44765. What is the ten thousands digit of h?
1
Let n(w) = w**3 + 7*w**2 - 7*w - 10. Let c be n(-7). Suppose 7 = 8*x + c. What is the hundreds digit of 6*(x - -23) + 1?
1
Let o be (-28)/(-12) + 4/(-12). Suppose 11*b - 48 = 7*b. Suppose q - 4*x - b - 4 = 0, -2*q - o*x + 22 = 0. What is the units digit of q?
2
Let o = -7 - 8. What is the tens digit of (o + 17)/((-6)/(-1731))?
7
Let a = 16324 + -9951. What is the hundreds digit of a?
3
Suppose i - 5*h - 231 = 0, 13*i = 18*i + h - 973. Suppose -3*n = -z + 2*n + 57, 2*n + 51 = z. Let w = i - z. What is the tens digit of w?
4
Suppose -86*j + 1217411 = -459073. What is the tens digit of j?
9
Suppose 3*b + 8 = y, 7*b - 2*b = 4*y - 25. Let l(d) = 1050*d**2 + 2*d + 1. What is the units digit of l(b)?
9
Let j be 32/80 - 606/(-10). Suppose 7*g - 812 = 3*g. Let b = g - j. What is the hundreds digit of b?
1
Let b(f) = 8*f**2 - 2*f - 1. Let d(y) = 41*y**2 - 11*y - 5. Let j(r) = r + 10. Let i be j(-12). Let g(h) = i*d(h) + 11*b(h). What is the units digit of g(4)?
5
Let m be (-600)/(-88) - (-4)/22. Suppose y + m = -2. Let p = 44 + y. What is the units digit of p?
5
Let r = 5063 + -5062. Let s(a) = 120*a**3 + 2*a**2 + a - 1. Let g(b) = -b**3 + b**2 + b - 1. Let d(q) = -g(q) + s(q). What is the hundreds digit of d(r)?
1
Let a = 106 + -19. Let n = 91 - a. Suppose n*z - 268 = 36. What is the tens digit of z?
7
Let w = -117 + 213. Suppose 0*r = 3*r + w. Let n = r + 43. What is the tens digit of n?
1
Let f(b) = 2*b**3 + 26*b - 28. Suppose 4*z + 2*h - 28 = 0, 2*h + 11 = -2*z + 23. What is the thousands digit of f(z)?
1
Suppose -6*v + 480 = 2742. Let n = -155 - v. What is the units digit of n?
2
Suppose -3*i + 40689 = -h - 45393, 5*i - 143470 = -4*h. What is the tens digit of i?
9
Suppose -586757 + 8073897 = 190*n. What is the units digit of n?
6
Let c = 14932 + -6093. What is the thousands digit of c?
8
What is the ten thousands digit of ((-333052)/(-32) - (-1)/8) + -4?
1
Let h(z) = 4*z**3 + 2*z**2 + 13*z + 24. Let i be h(-4). Let a = 322 + i. What is the tens digit of a?
7
Let z(w) = -55*w - 17. Let r(a) = 1. Let x(t) = -r(t) + z(t). Let o be x(-3). Suppose 4*m - o = 461. What is the tens digit of m?
5
Suppose -5*w - 2780 = 910. What is the units digit of w*((-55)/(-10))/(-11)?
9
Let w(a) be the second derivative of a**4/6 + 15*a**3/2 - 87*a**2/2 + 40*a. What is the units digit of w(-27)?
6
Let h = 10438 - 6949. Suppose h = 24*m - 16863. What is the tens digit of m?
4
Let b = 217 - 257. What is the hundreds digit of (-9)/90 + (-17924)/b?
4
Suppose 5*z - 3*o = 10219, 25*z - 5*o = 24*z + 2035. What is the tens digit of z?
4
Let u = 89 + -85. Let f be -12*(-72)/(8/2). Suppose -2*r + v - u = -f, -r + 120 = 3*v. What is the tens digit of r?
0
Suppose -12*x - 13*